 11.
122a970
323569 (base 13) to base 2
100011111101110011100
What is -4665176 (base 8) in base 3?
-2101122110122
13122400003 (base 5) to base 6
1335320204
What is -18300645 (base 9) in base 3?
-122100000201112
Convert -129140a (base 12) to base 7.
-43134151
11000100111010 (base 2) to base 6
134202
-3a799b (base 12) to base 15
-141962
812338 (base 11) to base 7
14046626
-425325 (base 8) to base 10
-142037
-15202727 (base 8) to base 6
-202251303
130022032 (base 4) to base 12
568ba
Convert 7101056 (base 8) to base 2.
111001000001000101110
343a8 (base 14) to base 6
2415440
What is 110010100101101 (base 2) in base 4?
12110231
Convert -41065 (base 12) to base 2.
-10100101100001101
-132300031 (base 4) to base 14
-33c97
Convert -1021102010210 (base 3) to base 16.
-a55df
Convert -1a7949 (base 12) to base 6.
-14022133
-176401 (base 9) to base 5
-12002200
Convert -1304266 (base 8) to base 15.
-726d8
111111011111011011 (base 2) to base 15
520c4
What is -153040144 (base 6) in base 3?
-20001211012101
Convert -130425 (base 11) to base 5.
-23033420
What is 100011010001100111 (base 2) in base 10?
144487
What is -551150 (base 7) in base 3?
-11220022212
Convert -14366424 (base 7) to base 2.
-101001100010101010110
What is a10b2c (base 14) in base 2?
10100101010111101100100
27501a (base 11) to base 13
1213b3
What is 99488 (base 12) in base 4?
301201220
-1c1344 (base 15) to base 13
-390049
136a3c (base 14) to base 7
5464605
What is c6a83 (base 15) in base 2?
10011001110101101011
Convert 10213323121 (base 4) to base 11.
758759
Convert -45268 (base 9) to base 12.
-15515
Convert -1073021 (base 9) to base 14.
-111302
Convert -1512308 (base 10) to base 13.
-40c475
-d5ccdb (base 15) to base 16
-9b2856
What is bab36 (base 12) in base 8?
742332
-110101000111111101001 (base 2) to base 12
-6bb489
43121132 (base 5) to base 15
72c62
What is 10001100011110100100000 (base 2) in base 7?
54061213
What is -121501114 (base 6) in base 16?
-237b26
What is -117bc (base 14) in base 5?
-2331243
6328185 (base 9) to base 6
200314505
What is 6c25e (base 15) in base 10?
344789
What is 55d539 (base 14) in base 6?
142312451
Convert -11112200 (base 3) to base 13.
-167a
-36257007 (base 8) to base 3
-112222002201220
What is 2365c7 (base 13) in base 2?
11001101101011011011
24a77 (base 16) to base 8
445167
Convert 163670 (base 9) to base 16.
18b1f
What is -48aa9a1 (base 11) in base 4?
-200203320110
What is a046aa (base 13) in base 6?
211443304
-222519 (base 12) to base 13
-1603cb
Convert 305345130 (base 6) to base 8.
24163016
25613b (base 12) to base 3
1011002101002
3221012 (base 4) to base 8
35106
Convert -119ec1 (base 16) to base 2.
-100011001111011000001
-3edda (base 16) to base 5
-31214443
-81245 (base 11) to base 3
-20000220011
What is 2002235 (base 6) in base 10?
93839
16354c (base 16) to base 6
51110044
Convert 132130313 (base 4) to base 5.
12442402
What is -e2c89 (base 16) in base 3?
-1202012012220
Convert 1010000010000011111 (base 2) to base 9.
550841
25046107 (base 8) to base 5
2403241201
207735 (base 9) to base 8
361630
Convert 5199213 (base 11) to base 5.
4321202420
-345e2 (base 15) to base 6
-3323452
Convert -21621250 (base 7) to base 11.
-1068668
34131022 (base 5) to base 7
2365334
What is 314527 (base 11) in base 4?
1322333020
What is 10002112120021 (base 3) in base 2?
110010001011100010011
Convert 1002112102222 (base 3) to base 5.
122100321
110111111001011 (base 2) to base 10
28619
Convert -3acdf (base 16) to base 9.
-406355
Convert a593 (base 12) to base 6.
215503
Convert 3044614 (base 7) to base 6.
11450124
Convert -63341 (base 12) to base 10.
-130081
Convert 101111000010100111 (base 2) to base 14.
5030b
What is 11aaab (base 16) in base 2?
100011010101010101011
Convert -2222251 (base 6) to base 7.
-644335
What is 14100440 (base 5) in base 9?
238315
Convert 1000000001111111 (base 2) to base 10.
32895
Convert 3c2089 (base 15) to base 16.
2c22d8
What is c0de (base 15) in base 3?
2001211202
Convert 11101003000 (base 4) to base 9.
2533667
243242 (base 9) to base 13
51a2b
-a4801 (base 12) to base 7
-1555030
2566152 (base 9) to base 3
2122020011202
12a5b94 (base 13) to base 15
7ad9d0
22357 (base 13) to base 2
1111001010001111
-95277 (base 10) to base 15
-1d36c
Convert -416400 (base 8) to base 12.
-68194
-6804024 (base 10) to base 9
-13720326
2604557 (base 11) to base 7
53244326
389870 (base 11) to base 6
21051213
What is -724271 (base 8) in base 14?
-63569
What is caa53 (base 13) in base 4?
1121131330
-814107 (base 10) to base 6
-25241003
Convert -3015314 (base 6) to base 8.
-426176
What is -14173403 (base 8) in base 11?
-18a1a3a
What is 23c9ee (base 16) in base 6?
122134330
1489308 (base 11) to base 8
11553133
Convert -150743d (base 14) to base 10.
-10238703
What is 1110000011010010000010 (base 2) in base 13?
9bc77c
Convert -111132301 (base 4) to base 2.
-10101011110110001
Convert 8197b (base 12) to base 3.
22120211112
-1525742 (base 10) to base 9
-2774828
What is df68 (base 16) in base 2?
1101111101101000
What is -3407ba (base 13) in base 2?
-100101100001010010011
-12242055 (base 6) to base 7
-3232001
Convert 141432 (base 5) to base 7.
23051
Convert af8b9 (base 16) to base 6.
23224505
-77ad1 (base 14) to base 11
-189096
Convert 598014 (base 14) to base 4.
23222103002
Convert -2140100120 (base 5) to base 15.
-611a25
What is 3703371 (base 11) in base 6?
350100442
321421 (base 7) to base 13
1c507
Convert -130007 (base 9) to base 11.
-54181
1101101001010010000 (base 2) to base 3
211201100000
What is 1194347 (base 14) in base 8?
40106433
Convert 10446202 (base 8) to base 7.
25051245
What is 215253535 (base 6) in base 4?
32313000203
11010100101001010 (base 2) to base 6
2200014
What is 111220120100 (base 3) in base 15?
561c9
Convert -101101110010001000011 (base 2) to base 16.
-16e443
What is 403ba0 (base 13) in base 11?
930307
What is 1111100100011 (base 2) in base 7?
32145
700a7a (base 14) to base 6
212423020
-11100000000000100110 (base 2) to base 8
-3400046
What is 4a8a4 (base 11) in base 15?
1693b
2123345 (base 6) to base 16
19811
Convert -13345 (base 13) to base 3.
-1210222211
What is 213a1 (base 11) in base 12?
15ba7
Convert -107aa3 (base 11) to base 5.
-20443231
-104174 (base 8) to base 15
-a545
What is -2b6b6a9 (base 13) in base 2?
-110101001001111110111111
-70793 (base 11) to base 3
-12020212222
What is -2396763 (base 10) in base 6?
-123212043
What is -42850 (base 9) in base 6?
-335243
Convert 110525 (base 6) to base 8.
22065
-3943839 (base 10) to base 8
-17026637
212212222110210 (base 3) to base 6
1132033503
What is -10010001010111100111000 (base 2) in base 8?
-22127470
What is 1013111344 (base 5) in base 10?
2082099
What is -366445 (base 14) in base 6?
-103521005
Convert 1db6ee (base 15) to base 11.
905078
What is -19325 (base 14) in base 8?
-174365
20764 (base 13) to base 10
58387
Convert 100442504 (base 6) to base 4.
12203010220
8394 (base 15) to base 12
1411a
683028 (base 9) to base 7
3322256
-84c003 (base 14) to base 8
-21077743
What is -508620 (base 14) in base 5?
-1143243101
-1342342401 (base 5) to base 12
-11ba554
Convert -1043362 (base 8) to base 9.
-466451
-10775 (base 13) to base 7
-152666
What is -155465 (base 7) in base 8?
-74062
Convert 120211300 (base 4) to base 2.
11000100101110000
What is 1c72bab (base 14) in base 8?
66313643
Convert 130213331 (base 4) to base 2.
11100100111111101
Convert 293748 (base 11) to base 3.
212022022020
30310130 (base 4) to base 13
1ab91
Convert -2a994 (base 13) to base 2.
-10011101101011110
1110011000000011 (base 2) to base 14
1765d
What is 351245 (base 6) in base 16?
75ad
Convert 1917cc8 (base 13) to base 16.
7d5832
What is 1521303 (base 7) in base 8?
624203
Convert -984358 (base 10) to base 9.
-1760251
1096606 (base 10) to base 3
2001201021001
Convert -3524222 (base 6) to base 13.
-65030
What is -206652 (base 8) in base 12?
-33b4a
10100000101111010010 (base 2) to base 12
279016
-20212021212 (base 3) to base 10
-135077
Convert -4413c7 (base 13) to base 5.
-402233113
Convert -2434461 (base 7) to base 13.
-ab933
What is 3d7b26 (base 15) in base 3?
12120111122000
2302402 (base 8) to base 3
1011200210110
Convert -12107512 (base 8) to base 15.
-3778d2
Convert -2012526 (base 7) to base 12.
-b6136
Convert -1305458 (base 11) to base 14.
-42c